{"id":492,"date":"2026-04-18T19:17:02","date_gmt":"2026-04-18T19:17:02","guid":{"rendered":"https:\/\/atelierdreizehn.de\/?page_id=492"},"modified":"2026-04-19T06:58:59","modified_gmt":"2026-04-19T06:58:59","slug":"ausstellung-golden-framej","status":"publish","type":"page","link":"https:\/\/atelierdreizehn.de\/?page_id=492","title":{"rendered":"Ausstellung: Golden Frame 1 Mai &#8211; 26 Juni 2026"},"content":{"rendered":"\n<p>Sehr geehrte Damen und Herren,<\/p>\n\n\n\n<p>Ausstellung 4 <\/p>\n\n\n\n<p>hiermit m\u00f6chten wir Sie auf folgende Veranstaltung aufmerksam machen:<\/p>\n\n\n\n<p>Ausstellung: Golden Frame<\/p>\n\n\n\n<p>mit Arbeiten von Ludwig Thoma Jun.<\/p>\n\n\n\n<p>Ort: Atelier Dreizehn, Kallm\u00fcnz<\/p>\n\n\n\n<p>Zeitraum: 1. Mai bis 20. Juni 2026<\/p>\n\n\n\n<p>\u00d6ffnungszeiten: Samstag und Sonntag, 13:00 Uhr bis 17:00 Uhr<\/p>\n\n\n\n<p>Eintritt: Frei<\/p>\n\n\n\n<p><\/p>\n\n\n\n<p>Mit freundlichen Gr\u00fc\u00dfen<\/p>\n\n\n\n<p>Ludwig Thoma Jun.<\/p>\n\n\n\n<p>Atelier Dreizehn Kallm\u00fcnz<\/p>\n\n\n\n<figure class=\"wp-block-gallery has-nested-images columns-default is-cropped wp-block-gallery-1 is-layout-flex wp-block-gallery-is-layout-flex\">\n<figure class=\"wp-block-image size-large\"><img loading=\"lazy\" decoding=\"async\" width=\"866\" height=\"1024\" data-id=\"490\" src=\"https:\/\/atelierdreizehn.de\/wp-content\/uploads\/2026\/04\/IMG_8137-866x1024.jpeg\" alt=\"\" class=\"wp-image-490\" srcset=\"https:\/\/atelierdreizehn.de\/wp-content\/uploads\/2026\/04\/IMG_8137-866x1024.jpeg 866w, https:\/\/atelierdreizehn.de\/wp-content\/uploads\/2026\/04\/IMG_8137-254x300.jpeg 254w, https:\/\/atelierdreizehn.de\/wp-content\/uploads\/2026\/04\/IMG_8137-768x909.jpeg 768w, https:\/\/atelierdreizehn.de\/wp-content\/uploads\/2026\/04\/IMG_8137.jpeg 1197w\" sizes=\"auto, (max-width: 866px) 100vw, 866px\" \/><figcaption class=\"wp-element-caption\">Screenshot<\/figcaption><\/figure>\n\n\n\n<figure class=\"wp-block-image size-large\"><img loading=\"lazy\" decoding=\"async\" width=\"1024\" height=\"733\" data-id=\"488\" src=\"https:\/\/atelierdreizehn.de\/wp-content\/uploads\/2026\/04\/IMG_5820-1024x733.jpeg\" alt=\"\" class=\"wp-image-488\" srcset=\"https:\/\/atelierdreizehn.de\/wp-content\/uploads\/2026\/04\/IMG_5820-1024x733.jpeg 1024w, https:\/\/atelierdreizehn.de\/wp-content\/uploads\/2026\/04\/IMG_5820-300x215.jpeg 300w, https:\/\/atelierdreizehn.de\/wp-content\/uploads\/2026\/04\/IMG_5820-768x550.jpeg 768w, https:\/\/atelierdreizehn.de\/wp-content\/uploads\/2026\/04\/IMG_5820-1536x1099.jpeg 1536w, https:\/\/atelierdreizehn.de\/wp-content\/uploads\/2026\/04\/IMG_5820-2048x1466.jpeg 2048w\" sizes=\"auto, (max-width: 1024px) 100vw, 1024px\" \/><\/figure>\n\n\n\n<figure class=\"wp-block-image size-large\"><img loading=\"lazy\" decoding=\"async\" width=\"870\" height=\"968\" data-id=\"487\" src=\"https:\/\/atelierdreizehn.de\/wp-content\/uploads\/2026\/04\/IMG_8141.jpeg\" alt=\"\" class=\"wp-image-487\" srcset=\"https:\/\/atelierdreizehn.de\/wp-content\/uploads\/2026\/04\/IMG_8141.jpeg 870w, https:\/\/atelierdreizehn.de\/wp-content\/uploads\/2026\/04\/IMG_8141-270x300.jpeg 270w, https:\/\/atelierdreizehn.de\/wp-content\/uploads\/2026\/04\/IMG_8141-768x855.jpeg 768w\" sizes=\"auto, (max-width: 870px) 100vw, 870px\" \/><\/figure>\n<\/figure>\n","protected":false},"excerpt":{"rendered":"<p>Sehr geehrte Damen und Herren, Ausstellung 4 hiermit m\u00f6chten wir Sie auf folgende Veranstaltung aufmerksam machen: Ausstellung: Golden Frame mit Arbeiten von Ludwig Thoma Jun. Ort: Atelier Dreizehn, Kallm\u00fcnz Zeitraum: 1. Mai bis 20. Juni 2026 \u00d6ffnungszeiten: Samstag und Sonntag, 13:00 Uhr bis 17:00 Uhr Eintritt: Frei Mit freundlichen Gr\u00fc\u00dfen Ludwig Thoma Jun. Atelier Dreizehn [&hellip;]<\/p>\n","protected":false},"author":1,"featured_media":0,"parent":0,"menu_order":0,"comment_status":"closed","ping_status":"closed","template":"","meta":{"footnotes":""},"class_list":["post-492","page","type-page","status-publish","hentry"],"_links":{"self":[{"href":"https:\/\/atelierdreizehn.de\/index.php?rest_route=\/wp\/v2\/pages\/492","targetHints":{"allow":["GET"]}}],"collection":[{"href":"https:\/\/atelierdreizehn.de\/index.php?rest_route=\/wp\/v2\/pages"}],"about":[{"href":"https:\/\/atelierdreizehn.de\/index.php?rest_route=\/wp\/v2\/types\/page"}],"author":[{"embeddable":true,"href":"https:\/\/atelierdreizehn.de\/index.php?rest_route=\/wp\/v2\/users\/1"}],"replies":[{"embeddable":true,"href":"https:\/\/atelierdreizehn.de\/index.php?rest_route=%2Fwp%2Fv2%2Fcomments&post=492"}],"version-history":[{"count":4,"href":"https:\/\/atelierdreizehn.de\/index.php?rest_route=\/wp\/v2\/pages\/492\/revisions"}],"predecessor-version":[{"id":499,"href":"https:\/\/atelierdreizehn.de\/index.php?rest_route=\/wp\/v2\/pages\/492\/revisions\/499"}],"wp:attachment":[{"href":"https:\/\/atelierdreizehn.de\/index.php?rest_route=%2Fwp%2Fv2%2Fmedia&parent=492"}],"curies":[{"name":"wp","href":"https:\/\/api.w.org\/{rel}","templated":true}]}}